{"id":2647,"date":"2015-01-16T16:32:22","date_gmt":"2015-01-16T16:32:22","guid":{"rendered":"http:\/\/heikevigl.it\/storyteller\/?post_type=portfolio&#038;p=2647"},"modified":"2020-11-26T15:13:04","modified_gmt":"2020-11-26T15:13:04","slug":"erzaehltes-wandern","status":"publish","type":"portfolio","link":"https:\/\/heikevigl.it\/storyteller\/portfolio-item\/erzaehltes-wandern\/","title":{"rendered":"Geschichten-druchwirktes Wandern"},"content":{"rendered":"<section class=\"wpb-content-wrapper\"><p>[vc_row font_color=&#8221;#000000&#8243; css=&#8221;.vc_custom_1447173206507{padding-top: 40% !important;background-image: url(http:\/\/heikevigl.it\/storyteller\/wp-content\/uploads\/2015\/01\/erzaehltes-wandern-haut.jpg?id=2645) !important;background-position: center !important;background-repeat: no-repeat !important;background-size: cover !important;}&#8221; background_style=&#8221;normal&#8221;][vc_column css=&#8221;.vc_custom_1412674987590{padding-right: 0px !important;padding-left: 0px !important;}&#8221;][\/vc_column][\/vc_row][vc_row type=&#8221;boxed&#8221; css=&#8221;.vc_custom_1412675092945{padding-top: 80px !important;padding-bottom: 45px !important;}&#8221; background_style=&#8221;normal&#8221;][vc_column css=&#8221;.vc_custom_1412674987590{padding-right: 0px !important;padding-left: 0px !important;}&#8221;][vc_column_text]<\/p>\n<h1 style=\"text-align: center;\"><strong><span style=\"font-size: 200%;\">Geschichten-durchwirktes\u00a0Wandern<\/span><\/strong><\/h1>\n<p>[\/vc_column_text][vc_row_inner css=&#8221;.vc_custom_1412676513680{margin-right: 45% !important;margin-bottom: 30px !important;margin-left: 45% !important;border-top-width: 3px !important;border-top-color: #ec7a5c !important;border-top-style: solid !important;}&#8221;][vc_column_inner width=&#8221;1\/1&#8243;][\/vc_column_inner][\/vc_row_inner][\/vc_column][\/vc_row][vc_row type=&#8221;boxed&#8221;][vc_column][vc_media_grid grid_id=&#8221;vc_gid:1606403544730-0a0a560a-2dcf-8&#8243; include=&#8221;2648,2649,3372&#8243;][\/vc_column][\/vc_row][vc_row type=&#8221;boxed&#8221; css=&#8221;.vc_custom_1412676237743{margin-bottom: 5% !important;padding-bottom: 80px !important;}&#8221; background_style=&#8221;normal&#8221;][vc_column][vc_column_text]<\/p>\n<p style=\"text-align: center;\"><strong>Wandern &amp; Musik &amp; Geschichten an besonderen Pl\u00e4tzen<\/strong><br \/>\nf\u00fcr einen ganzen Tag, einen halben Tag, f\u00fcr zwei Stunden\u2026<br \/>\nf\u00fcr Erwachsene, f\u00fcr Familien, f\u00fcr Kinder, f\u00fcr Paare\u2026<\/p>\n<p style=\"text-align: center;\">Wandern und die Seele baumeln lassen.<br \/>\nDie Seele baumeln lassen und zuh\u00f6ren.<br \/>\nZuh\u00f6ren und einer Geschichte lauschen.<br \/>\nEiner Geschichte lauschen und mit anderen Augen sehen.<br \/>\nMit anderen Augen sehen und nie Gesehenes sehen.<br \/>\nNie Gesehenes sehen und nie Geh\u00f6rtes h\u00f6ren.<br \/>\nNie Geh\u00f6rtes h\u00f6ren und nie Gef\u00fchltes f\u00fchlen.<br \/>\nNie Gef\u00fchltes f\u00fchlen und nie Gerochenes riechen.<br \/>\nNie Gerochenes riechen und nie Erlebtes erleben.<br \/>\nDas ist erz\u00e4hltes Wandern.<\/p>\n<p>[\/vc_column_text][\/vc_column][\/vc_row][vc_row][vc_column][vc_column_text][\/vc_column_text][\/vc_column][\/vc_row]<\/p>\n<\/section>","protected":false},"featured_media":2650,"parent":0,"template":"","portfolio-category":[172],"class_list":["post-2647","portfolio","type-portfolio","status-publish","has-post-thumbnail","hentry","portfolio_categories-geschichten-durchwirktes-wandern"],"fimg_url":"https:\/\/heikevigl.it\/storyteller\/wp-content\/uploads\/2015\/11\/erzaeltes-wandern-3.jpg","publishpress_future_workflow_manual_trigger":{"enabledWorkflows":[]},"_links":{"self":[{"href":"https:\/\/heikevigl.it\/storyteller\/wp-json\/wp\/v2\/portfolio-item\/2647","targetHints":{"allow":["GET"]}}],"collection":[{"href":"https:\/\/heikevigl.it\/storyteller\/wp-json\/wp\/v2\/portfolio-item"}],"about":[{"href":"https:\/\/heikevigl.it\/storyteller\/wp-json\/wp\/v2\/types\/portfolio"}],"version-history":[{"count":2,"href":"https:\/\/heikevigl.it\/storyteller\/wp-json\/wp\/v2\/portfolio-item\/2647\/revisions"}],"predecessor-version":[{"id":2651,"href":"https:\/\/heikevigl.it\/storyteller\/wp-json\/wp\/v2\/portfolio-item\/2647\/revisions\/2651"}],"wp:featuredmedia":[{"embeddable":true,"href":"https:\/\/heikevigl.it\/storyteller\/wp-json\/wp\/v2\/media\/2650"}],"wp:attachment":[{"href":"https:\/\/heikevigl.it\/storyteller\/wp-json\/wp\/v2\/media?parent=2647"}],"wp:term":[{"taxonomy":"portfolio_categories","embeddable":true,"href":"https:\/\/heikevigl.it\/storyteller\/wp-json\/wp\/v2\/portfolio-category?post=2647"}],"curies":[{"name":"wp","href":"https:\/\/api.w.org\/{rel}","templated":true}]}}

<section class="wpb-content-wrapper"><p>[vc_row font_color=&#8221;#000000&#8243; css=&#8221;.vc_custom_1447173206507{padding-top: 40% !important;background-image: url(http://heikevigl.it/storyteller/wp-content/uploads/2015/01/erzaehltes-wandern-haut.jpg?id=2645) !important;background-position: center !important;background-repeat: no-repeat !important;background-size: cover !important;}&#8221; background_style=&#8221;normal&#8221;][vc_column css=&#8221;.vc_custom_1412674987590{padding-right: 0px !important;padding-left: 0px !important;}&#8221;][/vc_column][/vc_row][vc_row type=&#8221;boxed&#8221; css=&#8221;.vc_custom_1412675092945{padding-top: 80px !important;padding-bottom: 45px !important;}&#8221; background_style=&#8221;normal&#8221;][vc_column css=&#8221;.vc_custom_1412674987590{padding-right: 0px !important;padding-left: 0px !important;}&#8221;][vc_column_text]</p>
<h1 style="text-align: center;"><strong><span style="font-size: 200%;">Geschichten-durchwirktes Wandern</span></strong></h1>
<p>[/vc_column_text][vc_row_inner css=&#8221;.vc_custom_1412676513680{margin-right: 45% !important;margin-bottom: 30px !important;margin-left: 45% !important;border-top-width: 3px !important;border-top-color: #ec7a5c !important;border-top-style: solid !important;}&#8221;][vc_column_inner width=&#8221;1/1&#8243;][/vc_column_inner][/vc_row_inner][/vc_column][/vc_row][vc_row type=&#8221;boxed&#8221;][vc_column][vc_media_grid grid_id=&#8221;vc_gid:1606403544730-0a0a560a-2dcf-8&#8243; include=&#8221;2648,2649,3372&#8243;][/vc_column][/vc_row][vc_row type=&#8221;boxed&#8221; css=&#8221;.vc_custom_1412676237743{margin-bottom: 5% !important;padding-bottom: 80px !important;}&#8221; background_style=&#8221;normal&#8221;][vc_column][vc_column_text]</p>
<p style="text-align: center;"><strong>Wandern &amp; Musik &amp; Geschichten an besonderen Plätzen</strong><br />
für einen ganzen Tag, einen halben Tag, für zwei Stunden…<br />
für Erwachsene, für Familien, für Kinder, für Paare…</p>
<p style="text-align: center;">Wandern und die Seele baumeln lassen.<br />
Die Seele baumeln lassen und zuhören.<br />
Zuhören und einer Geschichte lauschen.<br />
Einer Geschichte lauschen und mit anderen Augen sehen.<br />
Mit anderen Augen sehen und nie Gesehenes sehen.<br />
Nie Gesehenes sehen und nie Gehörtes hören.<br />
Nie Gehörtes hören und nie Gefühltes fühlen.<br />
Nie Gefühltes fühlen und nie Gerochenes riechen.<br />
Nie Gerochenes riechen und nie Erlebtes erleben.<br />
Das ist erzähltes Wandern.</p>
<p>[/vc_column_text][/vc_column][/vc_row][vc_row][vc_column][vc_column_text][/vc_column_text][/vc_column][/vc_row]</p>
</section>
