{"id":56,"date":"2014-11-17T14:30:57","date_gmt":"2014-11-17T14:30:57","guid":{"rendered":"http:\/\/shopkeeper.getbowtied.com\/blank\/?page_id=56"},"modified":"2024-09-18T10:00:55","modified_gmt":"2024-09-18T08:00:55","slug":"programm-und-projekte","status":"publish","type":"page","link":"https:\/\/heikevigl.it\/storyteller\/programm-und-projekte\/","title":{"rendered":"Programm"},"content":{"rendered":"<section class=\"wpb-content-wrapper\"><p>[vc_row css=&#8221;.vc_custom_1415974719639{padding-top: 8% !important;}&#8221; background_style=&#8221;normal&#8221;][vc_column][vc_empty_space height=&#8221;15px&#8221;][\/vc_column][\/vc_row][vc_row background_style=&#8221;normal&#8221;][vc_column][vc_column_text css=&#8221;.vc_custom_1612835857958{margin-bottom: 20px !important;}&#8221;]<\/p>\n<h2 style=\"text-align: center;\"><span style=\"font-size: 220%;\">Programm<br \/>\n<\/span><\/h2>\n<p>[\/vc_column_text][\/vc_column][\/vc_row][vc_row][vc_column][vc_column_text]<\/p>\n<p style=\"text-align: center;\">Setz dich zu mir und ich erz\u00e4hle dir eine Geschichte.<br \/>\nDu wirst staunen und lachen und ganz gewiss auch genie\u00dfen, wenn ich dich mitnehme in eine Welt der Worte, die bei dir zu Kino im Kopf werden.<\/p>\n<p>[\/vc_column_text][\/vc_column][\/vc_row][vc_row full_width=&#8221;stretch_row_content&#8221;][vc_column]\n    \n\t\t<div class=\"portfolio-isotope-container default_grid items_per_row_3\">\n\n\t        \t        \t        <div class=\"portfolio-filters\">\n\t            <ul class=\"filters-group list-centered\"><li class=\"filter-item is-checked\" data-filter=\"*\">Show all<\/li><li class=\"filter-item\" data-filter=\".buehne\">F\u00fcr die B\u00fchne entworfen<\/li><li class=\"filter-item\" data-filter=\".zweisprachiges-erzaehlen\">zweisprachig verwoben<\/li><li class=\"filter-item\" data-filter=\".geschichten-durchwirktes-wandern\">Geschichten-durchwirktes Wandern<\/li><li class=\"filter-item\" data-filter=\".familien\">F\u00fcr Familien zugeschnitten<\/li><\/ul>\t        <\/div>\n\t        \t        \n\t        <div class=\"portfolio-isotope\">\n\n\t            <div class=\"portfolio-grid-sizer\"><\/div>\n\n\t                \n\t                    <div class=\"portfolio-box hidden   buehne \">\n\n\t                        <a href=\"https:\/\/heikevigl.it\/storyteller\/portfolio-item\/mystery-krimi-der-schrei-des-geiers\/\" class=\"portfolio-box-inner hover-effect-link\" style=\"background-color:none\">\n\n\t                            <div class=\"portfolio-content-wrapper hover-effect-content\">\n\n\t                                \t                                    <span class=\"portfolio-thumb hover-effect-thumb\" style=\"background-image: url(https:\/\/heikevigl.it\/storyteller\/wp-content\/uploads\/2022\/08\/TR230826_528-1024x683.jpg)\"><\/span>\n\t                                \n\t                                <h2 class=\"portfolio-title hover-effect-title\">Mystery-Krimi: Der Schrei des Geiers<\/h2>\n\n\t                                <p class=\"portfolio-categories hover-effect-text\">F\u00fcr die B\u00fchne entworfen<\/p>\n\n\t                            <\/div>\n\n\t                        <\/a>\n\n\t                    <\/div>\n\n\t                \n\t                    <div class=\"portfolio-box hidden   buehne \">\n\n\t                        <a href=\"https:\/\/heikevigl.it\/storyteller\/portfolio-item\/baba-jaga-die-hueterin-des-feuers-3\/\" class=\"portfolio-box-inner hover-effect-link\" style=\"background-color:none\">\n\n\t                            <div class=\"portfolio-content-wrapper hover-effect-content\">\n\n\t                                \t                                    <span class=\"portfolio-thumb hover-effect-thumb\" style=\"background-image: url(https:\/\/heikevigl.it\/storyteller\/wp-content\/uploads\/2019\/03\/Eisgesicht_\u00d6tzi-allein-im-Schnee_Georg-Kantioler.jpg)\"><\/span>\n\t                                \n\t                                <h2 class=\"portfolio-title hover-effect-title\">\u00d6tzi allein im Schnee<\/h2>\n\n\t                                <p class=\"portfolio-categories hover-effect-text\">F\u00fcr die B\u00fchne entworfen<\/p>\n\n\t                            <\/div>\n\n\t                        <\/a>\n\n\t                    <\/div>\n\n\t                \n\t                    <div class=\"portfolio-box hidden   zweisprachiges-erzaehlen \">\n\n\t                        <a href=\"https:\/\/heikevigl.it\/storyteller\/portfolio-item\/baba-jaga-die-hueterin-des-feuers-2\/\" class=\"portfolio-box-inner hover-effect-link\" style=\"background-color:none\">\n\n\t                            <div class=\"portfolio-content-wrapper hover-effect-content\">\n\n\t                                \t                                    <span class=\"portfolio-thumb hover-effect-thumb\" style=\"background-image: url(https:\/\/heikevigl.it\/storyteller\/wp-content\/uploads\/2020\/11\/hagazussa_heike_chiara-1024x1024.jpg)\"><\/span>\n\t                                \n\t                                <h2 class=\"portfolio-title hover-effect-title\">Hagazussa &#8211; volo di streghe<\/h2>\n\n\t                                <p class=\"portfolio-categories hover-effect-text\">zweisprachig verwoben<\/p>\n\n\t                            <\/div>\n\n\t                        <\/a>\n\n\t                    <\/div>\n\n\t                \n\t                    <div class=\"portfolio-box hidden   buehne \">\n\n\t                        <a href=\"https:\/\/heikevigl.it\/storyteller\/portfolio-item\/weiss-wie-schnee-rot-wie-blut\/\" class=\"portfolio-box-inner hover-effect-link\" style=\"background-color:none\">\n\n\t                            <div class=\"portfolio-content-wrapper hover-effect-content\">\n\n\t                                \t                                    <span class=\"portfolio-thumb hover-effect-thumb\" style=\"background-image: url(https:\/\/heikevigl.it\/storyteller\/wp-content\/uploads\/2015\/11\/Fanes_Collage-1024x1024.jpg)\"><\/span>\n\t                                \n\t                                <h2 class=\"portfolio-title hover-effect-title\">Wei\u00df wie Schnee, rot wie Blut, schwarz wie Ebenholz<\/h2>\n\n\t                                <p class=\"portfolio-categories hover-effect-text\">F\u00fcr die B\u00fchne entworfen<\/p>\n\n\t                            <\/div>\n\n\t                        <\/a>\n\n\t                    <\/div>\n\n\t                \n\t                    <div class=\"portfolio-box hidden   buehne \">\n\n\t                        <a href=\"https:\/\/heikevigl.it\/storyteller\/portfolio-item\/schatten-der-nacht\/\" class=\"portfolio-box-inner hover-effect-link\" style=\"background-color:#000000\">\n\n\t                            <div class=\"portfolio-content-wrapper hover-effect-content\">\n\n\t                                \t                                    <span class=\"portfolio-thumb hover-effect-thumb\" style=\"background-image: url(https:\/\/heikevigl.it\/storyteller\/wp-content\/uploads\/2015\/01\/schatten-der-nacht-neu-Kopie.jpg)\"><\/span>\n\t                                \n\t                                <h2 class=\"portfolio-title hover-effect-title\">Schatten der Nacht<\/h2>\n\n\t                                <p class=\"portfolio-categories hover-effect-text\">F\u00fcr die B\u00fchne entworfen<\/p>\n\n\t                            <\/div>\n\n\t                        <\/a>\n\n\t                    <\/div>\n\n\t                \n\t                    <div class=\"portfolio-box hidden   geschichten-durchwirktes-wandern \">\n\n\t                        <a href=\"https:\/\/heikevigl.it\/storyteller\/portfolio-item\/baba-jaga-die-hueterin-des-feuers-4\/\" class=\"portfolio-box-inner hover-effect-link\" style=\"background-color:none\">\n\n\t                            <div class=\"portfolio-content-wrapper hover-effect-content\">\n\n\t                                \t                                    <span class=\"portfolio-thumb hover-effect-thumb\" style=\"background-image: url(https:\/\/heikevigl.it\/storyteller\/wp-content\/uploads\/2020\/11\/Von-der-Kraft-des-Waldes-und-seiner-B\u00e4ume-Kopie-1024x723.jpg)\"><\/span>\n\t                                \n\t                                <h2 class=\"portfolio-title hover-effect-title\">Von der Kraft des Waldes und seinen B\u00e4umen<\/h2>\n\n\t                                <p class=\"portfolio-categories hover-effect-text\">Geschichten-durchwirktes Wandern<\/p>\n\n\t                            <\/div>\n\n\t                        <\/a>\n\n\t                    <\/div>\n\n\t                \n\t                    <div class=\"portfolio-box hidden   buehne \">\n\n\t                        <a href=\"https:\/\/heikevigl.it\/storyteller\/portfolio-item\/ein-fall-fuer-zwei\/\" class=\"portfolio-box-inner hover-effect-link\" style=\"background-color:#660c15\">\n\n\t                            <div class=\"portfolio-content-wrapper hover-effect-content\">\n\n\t                                \t                                    <span class=\"portfolio-thumb hover-effect-thumb\" style=\"background-image: url(https:\/\/heikevigl.it\/storyteller\/wp-content\/uploads\/2020\/11\/ein-fall-f\u00fcr-zwei-Kopie-3.jpg)\"><\/span>\n\t                                \n\t                                <h2 class=\"portfolio-title hover-effect-title\">Ein Fall f\u00fcr zwei<\/h2>\n\n\t                                <p class=\"portfolio-categories hover-effect-text\">F\u00fcr die B\u00fchne entworfen<\/p>\n\n\t                            <\/div>\n\n\t                        <\/a>\n\n\t                    <\/div>\n\n\t                \n\t                    <div class=\"portfolio-box hidden   familien \">\n\n\t                        <a href=\"https:\/\/heikevigl.it\/storyteller\/portfolio-item\/tote-schaedel-sprechen-nicht-oder\/\" class=\"portfolio-box-inner hover-effect-link\" style=\"background-color:#000000\">\n\n\t                            <div class=\"portfolio-content-wrapper hover-effect-content\">\n\n\t                                \t                                    <span class=\"portfolio-thumb hover-effect-thumb\" style=\"background-image: url(https:\/\/heikevigl.it\/storyteller\/wp-content\/uploads\/2020\/11\/Totensch\u00e4del_HInnerhofer.jpg)\"><\/span>\n\t                                \n\t                                <h2 class=\"portfolio-title hover-effect-title\">Tote Sch\u00e4del sprechen nicht, oder?<\/h2>\n\n\t                                <p class=\"portfolio-categories hover-effect-text\">F\u00fcr Familien zugeschnitten<\/p>\n\n\t                            <\/div>\n\n\t                        <\/a>\n\n\t                    <\/div>\n\n\t                \n\t                    <div class=\"portfolio-box hidden   familien \">\n\n\t                        <a href=\"https:\/\/heikevigl.it\/storyteller\/portfolio-item\/superheldinnen\/\" class=\"portfolio-box-inner hover-effect-link\" style=\"background-color:none\">\n\n\t                            <div class=\"portfolio-content-wrapper hover-effect-content\">\n\n\t                                \t                                    <span class=\"portfolio-thumb hover-effect-thumb\" style=\"background-image: url(https:\/\/heikevigl.it\/storyteller\/wp-content\/uploads\/2020\/11\/superheldIn.jpg)\"><\/span>\n\t                                \n\t                                <h2 class=\"portfolio-title hover-effect-title\">SuperheldInnen<\/h2>\n\n\t                                <p class=\"portfolio-categories hover-effect-text\">F\u00fcr Familien zugeschnitten<\/p>\n\n\t                            <\/div>\n\n\t                        <\/a>\n\n\t                    <\/div>\n\n\t                \n\t                    <div class=\"portfolio-box hidden   familien geschichten-durchwirktes-wandern \">\n\n\t                        <a href=\"https:\/\/heikevigl.it\/storyteller\/portfolio-item\/baba-jaga-die-hueterin-des-feuers-5\/\" class=\"portfolio-box-inner hover-effect-link\" style=\"background-color:none\">\n\n\t                            <div class=\"portfolio-content-wrapper hover-effect-content\">\n\n\t                                \t                                    <span class=\"portfolio-thumb hover-effect-thumb\" style=\"background-image: url(https:\/\/heikevigl.it\/storyteller\/wp-content\/uploads\/2020\/11\/gruselwanderung1-1024x930.jpg)\"><\/span>\n\t                                \n\t                                <h2 class=\"portfolio-title hover-effect-title\">Gruselwanderung<\/h2>\n\n\t                                <p class=\"portfolio-categories hover-effect-text\">F\u00fcr Familien zugeschnitten, Geschichten-durchwirktes Wandern<\/p>\n\n\t                            <\/div>\n\n\t                        <\/a>\n\n\t                    <\/div>\n\n\t                \n\t                    <div class=\"portfolio-box hidden   buehne familien geschichten-durchwirktes-wandern \">\n\n\t                        <a href=\"https:\/\/heikevigl.it\/storyteller\/portfolio-item\/massgeschneidert\/\" class=\"portfolio-box-inner hover-effect-link\" style=\"background-color:none\">\n\n\t                            <div class=\"portfolio-content-wrapper hover-effect-content\">\n\n\t                                \t                                    <span class=\"portfolio-thumb hover-effect-thumb\" style=\"background-image: url(https:\/\/heikevigl.it\/storyteller\/wp-content\/uploads\/2015\/11\/massgeschneidert2.jpg)\"><\/span>\n\t                                \n\t                                <h2 class=\"portfolio-title hover-effect-title\">Ma\u00dfgeschneidert<\/h2>\n\n\t                                <p class=\"portfolio-categories hover-effect-text\">F\u00fcr die B\u00fchne entworfen, F\u00fcr Familien zugeschnitten, Geschichten-durchwirktes Wandern<\/p>\n\n\t                            <\/div>\n\n\t                        <\/a>\n\n\t                    <\/div>\n\n\t                \n\t                    <div class=\"portfolio-box hidden   buehne familien \">\n\n\t                        <a href=\"https:\/\/heikevigl.it\/storyteller\/portfolio-item\/erzaehlkunst-klang-am-totensee\/\" class=\"portfolio-box-inner hover-effect-link\" style=\"background-color:#1e73be\">\n\n\t                            <div class=\"portfolio-content-wrapper hover-effect-content\">\n\n\t                                \t                                    <span class=\"portfolio-thumb hover-effect-thumb\" style=\"background-image: url(https:\/\/heikevigl.it\/storyteller\/wp-content\/uploads\/2015\/01\/totensee-hauptbild-1024x368.jpg)\"><\/span>\n\t                                \n\t                                <h2 class=\"portfolio-title hover-effect-title\">Erz\u00e4hlkunst &#038; Klang am Totensee<\/h2>\n\n\t                                <p class=\"portfolio-categories hover-effect-text\">F\u00fcr die B\u00fchne entworfen, F\u00fcr Familien zugeschnitten<\/p>\n\n\t                            <\/div>\n\n\t                        <\/a>\n\n\t                    <\/div>\n\n\t                \n\t                    <div class=\"portfolio-box hidden   geschichten-durchwirktes-wandern \">\n\n\t                        <a href=\"https:\/\/heikevigl.it\/storyteller\/portfolio-item\/erzaehltes-wandern\/\" class=\"portfolio-box-inner hover-effect-link\" style=\"background-color:#1e73be\">\n\n\t                            <div class=\"portfolio-content-wrapper hover-effect-content\">\n\n\t                                \t                                    <span class=\"portfolio-thumb hover-effect-thumb\" style=\"background-image: url(https:\/\/heikevigl.it\/storyteller\/wp-content\/uploads\/2015\/11\/erzaeltes-wandern-3.jpg)\"><\/span>\n\t                                \n\t                                <h2 class=\"portfolio-title hover-effect-title\">Geschichten-druchwirktes Wandern<\/h2>\n\n\t                                <p class=\"portfolio-categories hover-effect-text\">Geschichten-durchwirktes Wandern<\/p>\n\n\t                            <\/div>\n\n\t                        <\/a>\n\n\t                    <\/div>\n\n\t                \n\t                    <div class=\"portfolio-box hidden   zweisprachiges-erzaehlen \">\n\n\t                        <a href=\"https:\/\/heikevigl.it\/storyteller\/portfolio-item\/baba-jaga-die-hueterin-des-feuers\/\" class=\"portfolio-box-inner hover-effect-link\" style=\"background-color:none\">\n\n\t                            <div class=\"portfolio-content-wrapper hover-effect-content\">\n\n\t                                \t                                    <span class=\"portfolio-thumb hover-effect-thumb\" style=\"background-image: url(https:\/\/heikevigl.it\/storyteller\/wp-content\/uploads\/2015\/11\/baba-jaga-teaser.jpg)\"><\/span>\n\t                                \n\t                                <h2 class=\"portfolio-title hover-effect-title\">Baba Jaga . Die H\u00fcterin des Feuers<\/h2>\n\n\t                                <p class=\"portfolio-categories hover-effect-text\">zweisprachig verwoben<\/p>\n\n\t                            <\/div>\n\n\t                        <\/a>\n\n\t                    <\/div>\n\n\t                \n\t                    <div class=\"portfolio-box hidden   zweisprachiges-erzaehlen \">\n\n\t                        <a href=\"https:\/\/heikevigl.it\/storyteller\/portfolio-item\/die-kriegerin-la-guerra-con-la-a\/\" class=\"portfolio-box-inner hover-effect-link\" style=\"background-color:#dd3333\">\n\n\t                            <div class=\"portfolio-content-wrapper hover-effect-content\">\n\n\t                                \t                                    <span class=\"portfolio-thumb hover-effect-thumb\" style=\"background-image: url(https:\/\/heikevigl.it\/storyteller\/wp-content\/uploads\/2015\/10\/die-kriegerinb.jpg)\"><\/span>\n\t                                \n\t                                <h2 class=\"portfolio-title hover-effect-title\">Die Krieg(erin) \u2013 La guerra con la A<\/h2>\n\n\t                                <p class=\"portfolio-categories hover-effect-text\">zweisprachig verwoben<\/p>\n\n\t                            <\/div>\n\n\t                        <\/a>\n\n\t                    <\/div>\n\n\t                \n\t                    <div class=\"portfolio-box hidden   buehne \">\n\n\t                        <a href=\"https:\/\/heikevigl.it\/storyteller\/portfolio-item\/dunkelhell\/\" class=\"portfolio-box-inner hover-effect-link\" style=\"background-color:none\">\n\n\t                            <div class=\"portfolio-content-wrapper hover-effect-content\">\n\n\t                                \t                                    <span class=\"portfolio-thumb hover-effect-thumb\" style=\"background-image: url(https:\/\/heikevigl.it\/storyteller\/wp-content\/uploads\/2015\/01\/dunkelhell_kombi-.jpg)\"><\/span>\n\t                                \n\t                                <h2 class=\"portfolio-title hover-effect-title\">DunkelHell<\/h2>\n\n\t                                <p class=\"portfolio-categories hover-effect-text\">F\u00fcr die B\u00fchne entworfen<\/p>\n\n\t                            <\/div>\n\n\t                        <\/a>\n\n\t                    <\/div>\n\n\t                \n\t                    <div class=\"portfolio-box hidden   familien \">\n\n\t                        <a href=\"https:\/\/heikevigl.it\/storyteller\/portfolio-item\/tuiflische-tuiflsgschichtn\/\" class=\"portfolio-box-inner hover-effect-link\" style=\"background-color:#dd3333\">\n\n\t                            <div class=\"portfolio-content-wrapper hover-effect-content\">\n\n\t                                \t                                    <span class=\"portfolio-thumb hover-effect-thumb\" style=\"background-image: url(https:\/\/heikevigl.it\/storyteller\/wp-content\/uploads\/2015\/01\/tuiflgschichten-neu-Kopie.jpg)\"><\/span>\n\t                                \n\t                                <h2 class=\"portfolio-title hover-effect-title\">Tuiflische Tuiflsgschichtn<\/h2>\n\n\t                                <p class=\"portfolio-categories hover-effect-text\">F\u00fcr Familien zugeschnitten<\/p>\n\n\t                            <\/div>\n\n\t                        <\/a>\n\n\t                    <\/div>\n\n\t                \n\t                    <div class=\"portfolio-box hidden   buehne \">\n\n\t                        <a href=\"https:\/\/heikevigl.it\/storyteller\/portfolio-item\/spiegelwelten-2\/\" class=\"portfolio-box-inner hover-effect-link\" style=\"background-color:#a0589d\">\n\n\t                            <div class=\"portfolio-content-wrapper hover-effect-content\">\n\n\t                                \t                                    <span class=\"portfolio-thumb hover-effect-thumb\" style=\"background-image: url(https:\/\/heikevigl.it\/storyteller\/wp-content\/uploads\/2015\/01\/spiegelwelten_heikereinigraphik-Kopie.jpg)\"><\/span>\n\t                                \n\t                                <h2 class=\"portfolio-title hover-effect-title\">Spiegelwelten<\/h2>\n\n\t                                <p class=\"portfolio-categories hover-effect-text\">F\u00fcr die B\u00fchne entworfen<\/p>\n\n\t                            <\/div>\n\n\t                        <\/a>\n\n\t                    <\/div>\n\n\t                \n\t        <\/div><!--portfolio-isotope-->\n\n\t    <\/div><!--portfolio-isotope-container-->\n\n\t[\/vc_column][\/vc_row][vc_row][vc_column][vc_separator border_width=&#8221;2&#8243;][\/vc_column][\/vc_row]<\/p>\n<\/section>","protected":false},"excerpt":{"rendered":"<p>[vc_row css=&#8221;.vc_custom_1415974719639{padding-top: 8% !important;}&#8221; background_style=&#8221;normal&#8221;][vc_column][vc_empty_space height=&#8221;15px&#8221;][\/vc_column][\/vc_row][vc_row background_style=&#8221;normal&#8221;][vc_column][vc_column_text css=&#8221;.vc_custom_1612835857958{margin-bottom: 20px !important;}&#8221;] Programm [\/vc_column_text][\/vc_column][\/vc_row][vc_row][vc_column][vc_column_text] Setz dich zu mir und ich erz\u00e4hle dir eine Geschichte. Du wirst staunen und lachen und ganz gewiss auch genie\u00dfen, wenn ich dich mitnehme in eine Welt der Worte, die bei dir zu Kino im Kopf werden. [\/vc_column_text][\/vc_column][\/vc_row][vc_row full_width=&#8221;stretch_row_content&#8221;][vc_column][\/vc_column][\/vc_row][vc_row][vc_column][vc_separator border_width=&#8221;2&#8243;][\/vc_column][\/vc_row]<\/p>\n","protected":false},"author":1,"featured_media":0,"parent":0,"menu_order":0,"comment_status":"closed","ping_status":"closed","template":"page-boxed.php","meta":{"footnotes":""},"class_list":["post-56","page","type-page","status-publish","hentry"],"publishpress_future_action":{"enabled":false,"date":"2026-04-23 12:59:19","action":"change-status","newStatus":"draft","terms":[],"taxonomy":"","extraData":[]},"publishpress_future_workflow_manual_trigger":{"enabledWorkflows":[]},"_links":{"self":[{"href":"https:\/\/heikevigl.it\/storyteller\/wp-json\/wp\/v2\/pages\/56","targetHints":{"allow":["GET"]}}],"collection":[{"href":"https:\/\/heikevigl.it\/storyteller\/wp-json\/wp\/v2\/pages"}],"about":[{"href":"https:\/\/heikevigl.it\/storyteller\/wp-json\/wp\/v2\/types\/page"}],"author":[{"embeddable":true,"href":"https:\/\/heikevigl.it\/storyteller\/wp-json\/wp\/v2\/users\/1"}],"replies":[{"embeddable":true,"href":"https:\/\/heikevigl.it\/storyteller\/wp-json\/wp\/v2\/comments?post=56"}],"version-history":[{"count":27,"href":"https:\/\/heikevigl.it\/storyteller\/wp-json\/wp\/v2\/pages\/56\/revisions"}],"predecessor-version":[{"id":4113,"href":"https:\/\/heikevigl.it\/storyteller\/wp-json\/wp\/v2\/pages\/56\/revisions\/4113"}],"wp:attachment":[{"href":"https:\/\/heikevigl.it\/storyteller\/wp-json\/wp\/v2\/media?parent=56"}],"curies":[{"name":"wp","href":"https:\/\/api.w.org\/{rel}","templated":true}]}}