{"id":2496,"date":"2015-11-03T15:48:17","date_gmt":"2015-11-03T15:48:17","guid":{"rendered":"http:\/\/heikevigl.it\/storyteller\/?page_id=2496"},"modified":"2021-02-10T13:14:27","modified_gmt":"2021-02-10T13:14:27","slug":"ich-heike-vigl","status":"publish","type":"page","link":"https:\/\/heikevigl.it\/storyteller\/die-erzaehlerin\/ich-heike-vigl\/","title":{"rendered":"Ich"},"content":{"rendered":"<section class=\"wpb-content-wrapper\"><p>[vc_row columns_height=&#8221;adjust_cols_height&#8221; background_style=&#8221;normal&#8221;][vc_column width=&#8221;1\/2&#8243; css=&#8221;.vc_custom_1447179410447{background-image: url(http:\/\/heikevigl.it\/storyteller\/wp-content\/uploads\/2015\/11\/ueber-heike-vigl.jpg?id=2699) !important;background-position: center !important;background-repeat: no-repeat !important;background-size: cover !important;}&#8221;][vc_empty_space height=&#8221;350px&#8221;][\/vc_column][vc_column width=&#8221;1\/2&#8243; css=&#8221;.vc_custom_1415621660959{padding-top: 12% !important;padding-right: 8% !important;padding-bottom: 8% !important;padding-left: 8% !important;}&#8221;][vc_column_text]<\/p>\n<h2 style=\"text-align: center;\"><strong><span style=\"font-size: 200%;\">Heike Vigl<\/span><\/strong><\/h2>\n<p>[\/vc_column_text][vc_column_text]<\/p>\n<p style=\"text-align: center;\"><span style=\"color: #808080;\">muszierende Erz\u00e4hlerin &#8211; erz\u00e4hlende Musikerin<br \/>\n<\/span><\/p>\n<p>[\/vc_column_text][vc_separator][vc_row_inner css=&#8221;.vc_custom_1413184047380{margin-top: 45px !important;margin-bottom: 15px !important;}&#8221;][vc_column_text]Ich erz\u00e4hle luftig und leicht, griffig und einpr\u00e4gsam Geschichten, M\u00e4rchen und Sagen, verwebe sie mit den Kl\u00e4ngen der Fl\u00f6ten und mache Erz\u00e4hlen zu einem GesamtKunstwerk.<\/p>\n<p>Ich studierte Querfl\u00f6te am Konservatorium, Russisch und Englisch an der Uni, lebte in Russland und Sibirien und liebe dieses Land.<\/p>\n<p>Ich erz\u00e4hle im Dialekt, auf Deutsch, Italienisch, Russisch und Englisch, kreiere und schneidere meine Kleider selbst und wandere erz\u00e4hlend und Kr\u00e4uter sammelnd \u00fcber Stock und Stein.[\/vc_column_text][\/vc_row_inner][vc_separator][vc_single_image image=&#8221;2179&#8243; alignment=&#8221;center&#8221;][vc_row_inner][vc_column_inner width=&#8221;1\/2&#8243;][vc_column_text]<\/p>\n<p style=\"text-align: left;\"><strong>Anschrift<br \/>\n<\/strong><\/p>\n<p style=\"text-align: left;\"><span style=\"color: #808080;\">I-39054 Oberbozen\/ Ritten<br \/>\nITALIEN<br \/>\n<\/span><\/p>\n<p>[\/vc_column_text][\/vc_column_inner][vc_column_inner width=&#8221;1\/2&#8243;][vc_column_text]<\/p>\n<p style=\"text-align: left;\"><strong>Kontakt<br \/>\n<\/strong><\/p>\n<p style=\"text-align: left;\"><span style=\"color: #808080;\">E-Mail: <a href=\"mailto:info@heikevigl.it\">info@heikevigl.it<\/a><br \/>\nMobil: +39 340 5675773<br \/>\nTel.: +39 0471 345056<br \/>\n<\/span><\/p>\n<p>[\/vc_column_text][\/vc_column_inner][\/vc_row_inner][\/vc_column][\/vc_row][vc_row][vc_column][\/vc_column][\/vc_row]<\/p>\n<\/section>","protected":false},"excerpt":{"rendered":"<p>[vc_row columns_height=&#8221;adjust_cols_height&#8221; background_style=&#8221;normal&#8221;][vc_column width=&#8221;1\/2&#8243; css=&#8221;.vc_custom_1447179410447{background-image: url(http:\/\/heikevigl.it\/storyteller\/wp-content\/uploads\/2015\/11\/ueber-heike-vigl.jpg?id=2699) !important;background-position: center !important;background-repeat: no-repeat !important;background-size: cover !important;}&#8221;][vc_empty_space height=&#8221;350px&#8221;][\/vc_column][vc_column width=&#8221;1\/2&#8243; css=&#8221;.vc_custom_1415621660959{padding-top: 12% !important;padding-right: 8% !important;padding-bottom: 8% !important;padding-left: 8% !important;}&#8221;][vc_column_text] Heike Vigl [\/vc_column_text][vc_column_text] muszierende Erz\u00e4hlerin &#8211; erz\u00e4hlende Musikerin [\/vc_column_text][vc_separator][vc_row_inner css=&#8221;.vc_custom_1413184047380{margin-top: 45px !important;margin-bottom: 15px !important;}&#8221;][vc_column_text]Ich erz\u00e4hle luftig und leicht, griffig und einpr\u00e4gsam Geschichten, M\u00e4rchen und Sagen, verwebe sie mit den Kl\u00e4ngen der [&hellip;]<\/p>\n","protected":false},"author":1,"featured_media":0,"parent":231,"menu_order":0,"comment_status":"closed","ping_status":"closed","template":"page-full-width.php","meta":{"footnotes":""},"class_list":["post-2496","page","type-page","status-publish","hentry"],"publishpress_future_action":{"enabled":false,"date":"2026-05-07 17:13:20","action":"change-status","newStatus":"draft","terms":[],"taxonomy":"","extraData":[]},"publishpress_future_workflow_manual_trigger":{"enabledWorkflows":[]},"_links":{"self":[{"href":"https:\/\/heikevigl.it\/storyteller\/wp-json\/wp\/v2\/pages\/2496","targetHints":{"allow":["GET"]}}],"collection":[{"href":"https:\/\/heikevigl.it\/storyteller\/wp-json\/wp\/v2\/pages"}],"about":[{"href":"https:\/\/heikevigl.it\/storyteller\/wp-json\/wp\/v2\/types\/page"}],"author":[{"embeddable":true,"href":"https:\/\/heikevigl.it\/storyteller\/wp-json\/wp\/v2\/users\/1"}],"replies":[{"embeddable":true,"href":"https:\/\/heikevigl.it\/storyteller\/wp-json\/wp\/v2\/comments?post=2496"}],"version-history":[{"count":36,"href":"https:\/\/heikevigl.it\/storyteller\/wp-json\/wp\/v2\/pages\/2496\/revisions"}],"predecessor-version":[{"id":3491,"href":"https:\/\/heikevigl.it\/storyteller\/wp-json\/wp\/v2\/pages\/2496\/revisions\/3491"}],"up":[{"embeddable":true,"href":"https:\/\/heikevigl.it\/storyteller\/wp-json\/wp\/v2\/pages\/231"}],"wp:attachment":[{"href":"https:\/\/heikevigl.it\/storyteller\/wp-json\/wp\/v2\/media?parent=2496"}],"curies":[{"name":"wp","href":"https:\/\/api.w.org\/{rel}","templated":true}]}}

<section class="wpb-content-wrapper"><p>[vc_row columns_height=&#8221;adjust_cols_height&#8221; background_style=&#8221;normal&#8221;][vc_column width=&#8221;1/2&#8243; css=&#8221;.vc_custom_1447179410447{background-image: url(http://heikevigl.it/storyteller/wp-content/uploads/2015/11/ueber-heike-vigl.jpg?id=2699) !important;background-position: center !important;background-repeat: no-repeat !important;background-size: cover !important;}&#8221;][vc_empty_space height=&#8221;350px&#8221;][/vc_column][vc_column width=&#8221;1/2&#8243; css=&#8221;.vc_custom_1415621660959{padding-top: 12% !important;padding-right: 8% !important;padding-bottom: 8% !important;padding-left: 8% !important;}&#8221;][vc_column_text]</p>
<h2 style="text-align: center;"><strong><span style="font-size: 200%;">Heike Vigl</span></strong></h2>
<p>[/vc_column_text][vc_column_text]</p>
<p style="text-align: center;"><span style="color: #808080;">muszierende Erzählerin &#8211; erzählende Musikerin<br />
</span></p>
<p>[/vc_column_text][vc_separator][vc_row_inner css=&#8221;.vc_custom_1413184047380{margin-top: 45px !important;margin-bottom: 15px !important;}&#8221;][vc_column_text]Ich erzähle luftig und leicht, griffig und einprägsam Geschichten, Märchen und Sagen, verwebe sie mit den Klängen der Flöten und mache Erzählen zu einem GesamtKunstwerk.</p>
<p>Ich studierte Querflöte am Konservatorium, Russisch und Englisch an der Uni, lebte in Russland und Sibirien und liebe dieses Land.</p>
<p>Ich erzähle im Dialekt, auf Deutsch, Italienisch, Russisch und Englisch, kreiere und schneidere meine Kleider selbst und wandere erzählend und Kräuter sammelnd über Stock und Stein.[/vc_column_text][/vc_row_inner][vc_separator][vc_single_image image=&#8221;2179&#8243; alignment=&#8221;center&#8221;][vc_row_inner][vc_column_inner width=&#8221;1/2&#8243;][vc_column_text]</p>
<p style="text-align: left;"><strong>Anschrift<br />
</strong></p>
<p style="text-align: left;"><span style="color: #808080;">I-39054 Oberbozen/ Ritten<br />
ITALIEN<br />
</span></p>
<p>[/vc_column_text][/vc_column_inner][vc_column_inner width=&#8221;1/2&#8243;][vc_column_text]</p>
<p style="text-align: left;"><strong>Kontakt<br />
</strong></p>
<p style="text-align: left;"><span style="color: #808080;">E-Mail: <a href="mailto:info@heikevigl.it">info@heikevigl.it</a><br />
Mobil: +39 340 5675773<br />
Tel.: +39 0471 345056<br />
</span></p>
<p>[/vc_column_text][/vc_column_inner][/vc_row_inner][/vc_column][/vc_row][vc_row][vc_column][/vc_column][/vc_row]</p>
</section>

<p>[vc_row columns_height=&#8221;adjust_cols_height&#8221; background_style=&#8221;normal&#8221;][vc_column width=&#8221;1/2&#8243; css=&#8221;.vc_custom_1447179410447{background-image: url(http://heikevigl.it/storyteller/wp-content/uploads/2015/11/ueber-heike-vigl.jpg?id=2699) !important;background-position: center !important;background-repeat: no-repeat !important;background-size: cover !important;}&#8221;][vc_empty_space height=&#8221;350px&#8221;][/vc_column][vc_column width=&#8221;1/2&#8243; css=&#8221;.vc_custom_1415621660959{padding-top: 12% !important;padding-right: 8% !important;padding-bottom: 8% !important;padding-left: 8% !important;}&#8221;][vc_column_text] Heike Vigl [/vc_column_text][vc_column_text] muszierende Erzählerin &#8211; erzählende Musikerin [/vc_column_text][vc_separator][vc_row_inner css=&#8221;.vc_custom_1413184047380{margin-top: 45px !important;margin-bottom: 15px !important;}&#8221;][vc_column_text]Ich erzähle luftig und leicht, griffig und einprägsam Geschichten, Märchen und Sagen, verwebe sie mit den Klängen der [&hellip;]</p>
